ors of 988780?
2, 5, 13, 3803
What are the prime factors of 1122909?
3, 29, 12907
List the prime factors of 2813802.
2, 3, 468967
List the prime factors of 268706.
2, 134353
What are the prime factors of 269321?
13, 20717
List the prime factors of 6964660.
2, 5, 479, 727
List the prime factors of 20174830.
2, 5, 13, 155191
What are the prime factors of 43024145?
5, 23, 374123
What are the prime factors of 3287196?
2, 3, 11, 2767
What are the prime factors of 1465199?
83, 127, 139
What are the prime factors of 5501063?
239, 23017
List the prime factors of 6882845.
5, 19, 53, 1367
List the prime factors of 7796502.
2, 3, 7, 43, 1439
List the prime factors of 1102450.
2, 5, 17, 1297
List the prime factors of 264736.
2, 8273
List the prime factors of 79536.
2, 3, 1657
List the prime factors of 1383224.
2, 43, 4021
What are the prime factors of 102579?
3, 31, 1103
What are the prime factors of 5404354?
2, 31, 67, 1301
List the prime factors of 70405.
5, 14081
List the prime factors of 918002.
2, 521, 881
What are the prime factors of 2788618?
2, 7, 139, 1433
What are the prime factors of 539093?
539093
What are the prime factors of 5003738?
2, 43, 83, 701
What are the prime factors of 6919078?
2, 19, 41, 4441
What are the prime factors of 998596?
2, 41, 6089
What are the prime factors of 8379497?
7, 661, 1811
List the prime factors of 77199.
3, 25733
What are the prime factors of 29805525?
3, 5, 132469
List the prime factors of 4926919.
1733, 2843
What are the prime factors of 629705?
5, 125941
What are the prime factors of 9663386?
2, 4831693
What are the prime factors of 679511?
7, 97073
What are the prime factors of 12556767?
3, 31, 135019
List the prime factors of 1896656.
2, 17, 19, 367
What are the prime factors of 5773858?
2, 59, 167, 293
What are the prime factors of 228528?
2, 3, 23
List the prime factors of 865046.
2, 7, 13, 97
What are the prime factors of 155506?
2, 13, 5981
List the prime factors of 12297272.
2, 13, 23, 53, 97
What are the prime factors of 12822262?
2, 6411131
List the prime factors of 128062.
2, 11, 5821
List the prime factors of 211.
211
List the prime factors of 2019566.
2, 17, 59399
What are the prime factors of 3740638?
2, 11, 170029
List the prime factors of 336892.
2, 84223
List the prime factors of 185981.
179, 1039
List the prime factors of 5188830.
2, 3, 5, 257, 673
List the prime factors of 2019245.
5, 403849
List the prime factors of 4330387.
149, 29063
What are the prime factors of 87717?
3, 7, 4177
What are the prime factors of 642992?
2, 7, 5741
List the prime factors of 667111.
41, 53, 307
What are the prime factors of 283063?
11, 25733
List the prime factors of 6163638.
2, 3, 13, 19, 4159
List the prime factors of 3822752.
2, 67, 1783
List the prime factors of 458939.
13, 43, 821
What are the prime factors of 25983928?
2, 23, 283, 499
List the prime factors of 757544.
2, 94693
What are the prime factors of 129950?
2, 5, 23, 113
List the prime factors of 2531865.
3, 5, 7, 24113
What are the prime factors of 359336?
2, 44917
What are the prime factors of 8098040?
2, 5, 443, 457
List the prime factors of 7428837.
3, 13, 239, 797
List the prime factors of 18142135.
5, 11, 157, 191
What are the prime factors of 4604675?
5, 184187
What are the prime factors of 110596?
2, 43, 643
What are the prime factors of 698677?
7, 151, 661
List the prime factors of 336589.
11, 37, 827
List the prime factors of 155254.
2, 11, 7057
What are the prime factors of 1036310?
2, 5, 11, 9421
What are the prime factors of 3420834?
2, 3, 570139
List the prime factors of 1536971.
29, 52999
What are the prime factors of 15599142?
2, 3, 13, 823
List the prime factors of 87277.
87277
What are the prime factors of 793323?
3, 181, 487
What are the prime factors of 2292899?
7, 327557
What are the prime factors of 1541107?
149, 10343
What are the prime factors of 115797?
3, 11, 29
What are the prime factors of 182140?
2, 5, 7, 1301
List the prime factors of 1258402.
2, 173, 3637
List the prime factors of 6819482.
2, 17, 200573
What are the prime factors of 277552?
2, 11, 19, 83
List the prime factors of 154765.
5, 13, 2381
List the prime factors of 276693.
3, 149, 619
List the prime factors of 6897370.
2, 5, 127, 5431
List the prime factors of 128850.
2, 3, 5, 859
What are the prime factors of 277280?
2, 5, 1733
List the prime factors of 2198367.
3, 81421
What are the prime factors of 6678543?
3, 1117, 1993
List the prime factors of 734525.
5, 11, 2671
List the prime factors of 288748.
2, 37, 1951
List the prime factors of 779178.
2, 3, 17, 7639
List the prime factors of 478473.
3, 159491
List the prime factors of 122471.
122471
List the prime factors of 253101.
3, 239, 353
What are the prime factors of 3740426?
2, 1870213
List the prime factors of 102049.
19, 41, 131
What are the prime factors of 111589?
151, 739
What are the prime factors of 158869?
79, 2011
List the prime factors of 534132.
2, 3, 37, 401
What are the prime factors of 2342544?
2, 3, 37, 1319
What are the prime factors of 4455790?
2, 5, 23, 19373
What are the prime factors of 2189254?
2, 59, 18553
List the prime factors of 4270695.
3, 5, 11, 13, 181
What are the prime factors of 753697?
7, 107671
What are the prime factors of 13362274?
2, 6681137
List the prime factors of 1172355.
3, 5, 78157
List the prime factors of 181112.
2, 22639
List the prime factors of 2334443.
47, 49669
List the prime factors of 396187.
11, 36017
List the prime factors of 998235.
3, 5, 7, 3169
List the prime factors of 23941379.
7, 11, 310927
What are the prime factors of 1515112?
2, 189389
List the prime factors of 34941.
3, 19, 613
List the prime factors of 999235.
5, 23, 8689
List the prime factors of 342463.
11, 163, 191
What are the prime factors of 487757?
487757
What are the prime factors of 15451516?
2, 31, 353
List the prime factors of 26049017.
139, 193, 971
List the prime factors of 4456780.
2, 5, 222839
What are the prime factors of 279071?
13, 21467
What are the prime factors of 1011181?
877, 1153
What are the prime factors of 70007?
7, 73, 137
What are the prime factors of 29612?
2, 11, 673
What are the prime factors of 330308?
2, 11, 7507
What are the prime factors of 2182128?
2, 3, 13, 269
List the prime factors of 1790264.
2, 7, 4567
What are the prime factors of 17702037?
3, 41, 15991
What are the prime factors of 50391?
3, 11, 509
What are the prime factors of 841041?
3, 17, 23, 239
List the prime factors of 187668.
2, 3, 13, 401
What are the prime factors of 35948270?
2, 5, 3594827
List the prime factors of 13676901.
3, 7, 651281
What are the prime factors of 132757?
132757
List the prime factors of 26378.
2, 11, 109
What are the prime factors of 8880?
2, 3, 5, 37
List the prime factors of 543326.
2, 7, 197
List the prime factors of 4815341.
19, 253439
What are the prime factors of 2149599?
3, 17, 113, 373
What are the prime factors of 612795?
3, 5, 40853
What are the prime factors of 438758?
2, 431, 509
List the prime factors of 185949.
3, 71, 97
What are the prime factors of 13952730?
2, 3, 5, 11, 42281
List the prime factors of 102909.
3, 34303
List the prime factors of 458619.
3, 7, 21839
List the prime factors of 14149422.
2, 3, 7, 112297
List the prime factors of 655099.
239, 2741
List the prime factors of 9479613.
3, 11, 13, 19, 1163
List the prime factors of 136968.
2, 3, 13, 439
What are the prime factors of 5126631?
3, 23, 191, 389
List the prime factors of 19494701.
19494701
List the prime factors of 2472531.
3, 17, 48481
What are the prime factors of 4226137?
31, 136327
What are the prime factors of 11295564?
2, 3, 7, 134471
What are the prime factors of 207770?
2, 5, 79, 263
What are the prime factors of 659925?
3, 5, 7, 419
What are the prime factors of 7987227?
3, 37, 47, 1531
What are the prime factors of 161717?
161717
What are the prime factors of 2026250?
2, 5, 1621
List the prime factors of 764241.
3, 254747
List the prime factors of 662122.
2, 97, 3413
List the prime factors of 160212.
2, 3, 13, 79
What are the prime factors of 2144094?
2, 3, 357349
List the prime factors of 796990.
2, 5, 79699
List the prime factors of 20606561.
1607, 12823
List the prime factors of 229067.
37, 41, 151
What are the prime factors of 9318488?
2, 1164811
What are the p